
{"id":626,"date":"2020-07-27T21:13:29","date_gmt":"2020-07-27T21:13:29","guid":{"rendered":"https:\/\/advocatesforanimals.ch\/advocate\/?page_id=626"},"modified":"2021-01-13T08:15:26","modified_gmt":"2021-01-13T07:15:26","slug":"willkommen","status":"publish","type":"page","link":"https:\/\/advocatesforanimals.ch\/advocate\/","title":{"rendered":"Willkommen"},"content":{"rendered":"\n<p>Hallo Advocat. Es freut uns sehr, dass du dich daf\u00fcr entschieden hast, nicht nur vegan zu leben, sondern dich aktiv f\u00fcr die Tiere einzusetzen. Im Folgenden erf\u00e4hrst du alles, was du wissen musst und bei Fragen stehen wir gerne zur Verf\u00fcgung. Willkommen im Team!<\/p>\n\n\n\n<figure class=\"wp-block-image size-large\"><img loading=\"lazy\" decoding=\"async\" width=\"842\" height=\"596\" src=\"https:\/\/advocatesforanimals.ch\/advocate\/wp-content\/uploads\/sites\/3\/2020\/07\/A4A_Logo-1.jpg\" alt=\"\" class=\"wp-image-608\" srcset=\"https:\/\/advocatesforanimals.ch\/advocate\/wp-content\/uploads\/sites\/3\/2020\/07\/A4A_Logo-1.jpg 842w, https:\/\/advocatesforanimals.ch\/advocate\/wp-content\/uploads\/sites\/3\/2020\/07\/A4A_Logo-1-300x212.jpg 300w, https:\/\/advocatesforanimals.ch\/advocate\/wp-content\/uploads\/sites\/3\/2020\/07\/A4A_Logo-1-768x544.jpg 768w, https:\/\/advocatesforanimals.ch\/advocate\/wp-content\/uploads\/sites\/3\/2020\/07\/A4A_Logo-1-381x270.jpg 381w\" sizes=\"auto, (max-width: 842px) 100vw, 842px\" \/><\/figure>\n\n\n\n<p><\/p>\n","protected":false},"excerpt":{"rendered":"<p>Hallo Advocat. Es freut uns sehr, dass du dich daf\u00fcr entschieden hast, nicht nur vegan zu leben, sondern dich aktiv f\u00fcr die Tiere einzusetzen. Im Folgenden erf\u00e4hrst du alles, was du wissen musst und bei Fragen stehen wir gerne zur Verf\u00fcgung. Willkommen im Team!<\/p>\n","protected":false},"author":1,"featured_media":0,"parent":0,"menu_order":0,"comment_status":"closed","ping_status":"closed","template":"","meta":{"footnotes":""},"class_list":["post-626","page","type-page","status-publish","hentry"],"yoast_head":"<!-- This site is optimized with the Yoast SEO plugin v27.4 - https:\/\/yoast.com\/product\/yoast-seo-wordpress\/ -->\n<title>Willkommen &#8226; A4A Advocates<\/title>\n<meta name=\"description\" content=\"Willkommen\" \/>\n<meta name=\"robots\" content=\"index, follow, max-snippet:-1, max-image-preview:large, max-video-preview:-1\" \/>\n<link rel=\"canonical\" href=\"https:\/\/advocatesforanimals.ch\/advocate\/\" \/>\n<meta property=\"og:locale\" content=\"de_DE\" \/>\n<meta property=\"og:type\" content=\"article\" \/>\n<meta property=\"og:title\" content=\"Willkommen &#8226; A4A Advocates\" \/>\n<meta property=\"og:description\" content=\"Willkommen\" \/>\n<meta property=\"og:url\" content=\"https:\/\/advocatesforanimals.ch\/advocate\/\" \/>\n<meta property=\"og:site_name\" content=\"A4A Advocates\" \/>\n<meta property=\"article:publisher\" content=\"https:\/\/www.facebook.com\/A4A-Advocates-for-Animals-112402250512475\" \/>\n<meta property=\"article:modified_time\" content=\"2021-01-13T07:15:26+00:00\" \/>\n<meta property=\"og:image\" content=\"https:\/\/advocatesforanimals.ch\/advocate\/wp-content\/uploads\/sites\/3\/2020\/07\/A4A_Logo-1.jpg\" \/>\n<meta name=\"twitter:card\" content=\"summary_large_image\" \/>\n<script type=\"application\/ld+json\" class=\"yoast-schema-graph\">{\"@context\":\"https:\\\/\\\/schema.org\",\"@graph\":[{\"@type\":\"WebPage\",\"@id\":\"https:\\\/\\\/advocatesforanimals.ch\\\/advocate\\\/\",\"url\":\"https:\\\/\\\/advocatesforanimals.ch\\\/advocate\\\/\",\"name\":\"Willkommen &#8226; A4A Advocates\",\"isPartOf\":{\"@id\":\"https:\\\/\\\/advocatesforanimals.ch\\\/advocate\\\/#website\"},\"primaryImageOfPage\":{\"@id\":\"https:\\\/\\\/advocatesforanimals.ch\\\/advocate\\\/#primaryimage\"},\"image\":{\"@id\":\"https:\\\/\\\/advocatesforanimals.ch\\\/advocate\\\/#primaryimage\"},\"thumbnailUrl\":\"https:\\\/\\\/advocatesforanimals.ch\\\/advocate\\\/wp-content\\\/uploads\\\/sites\\\/3\\\/2020\\\/07\\\/A4A_Logo-1.jpg\",\"datePublished\":\"2020-07-27T21:13:29+00:00\",\"dateModified\":\"2021-01-13T07:15:26+00:00\",\"description\":\"Willkommen\",\"inLanguage\":\"de\",\"potentialAction\":[{\"@type\":\"ReadAction\",\"target\":[\"https:\\\/\\\/advocatesforanimals.ch\\\/advocate\\\/\"]}]},{\"@type\":\"ImageObject\",\"inLanguage\":\"de\",\"@id\":\"https:\\\/\\\/advocatesforanimals.ch\\\/advocate\\\/#primaryimage\",\"url\":\"https:\\\/\\\/advocatesforanimals.ch\\\/advocate\\\/wp-content\\\/uploads\\\/sites\\\/3\\\/2020\\\/07\\\/A4A_Logo-1.jpg\",\"contentUrl\":\"https:\\\/\\\/advocatesforanimals.ch\\\/advocate\\\/wp-content\\\/uploads\\\/sites\\\/3\\\/2020\\\/07\\\/A4A_Logo-1.jpg\",\"width\":842,\"height\":596},{\"@type\":\"WebSite\",\"@id\":\"https:\\\/\\\/advocatesforanimals.ch\\\/advocate\\\/#website\",\"url\":\"https:\\\/\\\/advocatesforanimals.ch\\\/advocate\\\/\",\"name\":\"A4A Advocates\",\"description\":\"\",\"publisher\":{\"@id\":\"https:\\\/\\\/advocatesforanimals.ch\\\/advocate\\\/#organization\"},\"potentialAction\":[{\"@type\":\"SearchAction\",\"target\":{\"@type\":\"EntryPoint\",\"urlTemplate\":\"https:\\\/\\\/advocatesforanimals.ch\\\/advocate\\\/?s={search_term_string}\"},\"query-input\":{\"@type\":\"PropertyValueSpecification\",\"valueRequired\":true,\"valueName\":\"search_term_string\"}}],\"inLanguage\":\"de\"},{\"@type\":\"Organization\",\"@id\":\"https:\\\/\\\/advocatesforanimals.ch\\\/advocate\\\/#organization\",\"name\":\"ADVOCATES FOR ANIMALS\",\"url\":\"https:\\\/\\\/advocatesforanimals.ch\\\/advocate\\\/\",\"logo\":{\"@type\":\"ImageObject\",\"inLanguage\":\"de\",\"@id\":\"https:\\\/\\\/advocatesforanimals.ch\\\/advocate\\\/#\\\/schema\\\/logo\\\/image\\\/\",\"url\":\"https:\\\/\\\/advocatesforanimals.ch\\\/advocate\\\/wp-content\\\/uploads\\\/sites\\\/3\\\/2020\\\/08\\\/Visitenkarte-Vorderseite-1.jpg\",\"contentUrl\":\"https:\\\/\\\/advocatesforanimals.ch\\\/advocate\\\/wp-content\\\/uploads\\\/sites\\\/3\\\/2020\\\/08\\\/Visitenkarte-Vorderseite-1.jpg\",\"width\":1004,\"height\":650,\"caption\":\"ADVOCATES FOR ANIMALS\"},\"image\":{\"@id\":\"https:\\\/\\\/advocatesforanimals.ch\\\/advocate\\\/#\\\/schema\\\/logo\\\/image\\\/\"},\"sameAs\":[\"https:\\\/\\\/www.facebook.com\\\/A4A-Advocates-for-Animals-112402250512475\",\"https:\\\/\\\/www.instagram.com\\\/a4a_advocates_for_animals\\\/\"]}]}<\/script>\n<!-- \/ Yoast SEO plugin. -->","yoast_head_json":{"title":"Willkommen &#8226; A4A Advocates","description":"Willkommen","robots":{"index":"index","follow":"follow","max-snippet":"max-snippet:-1","max-image-preview":"max-image-preview:large","max-video-preview":"max-video-preview:-1"},"canonical":"https:\/\/advocatesforanimals.ch\/advocate\/","og_locale":"de_DE","og_type":"article","og_title":"Willkommen &#8226; A4A Advocates","og_description":"Willkommen","og_url":"https:\/\/advocatesforanimals.ch\/advocate\/","og_site_name":"A4A Advocates","article_publisher":"https:\/\/www.facebook.com\/A4A-Advocates-for-Animals-112402250512475","article_modified_time":"2021-01-13T07:15:26+00:00","og_image":[{"url":"https:\/\/advocatesforanimals.ch\/advocate\/wp-content\/uploads\/sites\/3\/2020\/07\/A4A_Logo-1.jpg","type":"","width":"","height":""}],"twitter_card":"summary_large_image","schema":{"@context":"https:\/\/schema.org","@graph":[{"@type":"WebPage","@id":"https:\/\/advocatesforanimals.ch\/advocate\/","url":"https:\/\/advocatesforanimals.ch\/advocate\/","name":"Willkommen &#8226; A4A Advocates","isPartOf":{"@id":"https:\/\/advocatesforanimals.ch\/advocate\/#website"},"primaryImageOfPage":{"@id":"https:\/\/advocatesforanimals.ch\/advocate\/#primaryimage"},"image":{"@id":"https:\/\/advocatesforanimals.ch\/advocate\/#primaryimage"},"thumbnailUrl":"https:\/\/advocatesforanimals.ch\/advocate\/wp-content\/uploads\/sites\/3\/2020\/07\/A4A_Logo-1.jpg","datePublished":"2020-07-27T21:13:29+00:00","dateModified":"2021-01-13T07:15:26+00:00","description":"Willkommen","inLanguage":"de","potentialAction":[{"@type":"ReadAction","target":["https:\/\/advocatesforanimals.ch\/advocate\/"]}]},{"@type":"ImageObject","inLanguage":"de","@id":"https:\/\/advocatesforanimals.ch\/advocate\/#primaryimage","url":"https:\/\/advocatesforanimals.ch\/advocate\/wp-content\/uploads\/sites\/3\/2020\/07\/A4A_Logo-1.jpg","contentUrl":"https:\/\/advocatesforanimals.ch\/advocate\/wp-content\/uploads\/sites\/3\/2020\/07\/A4A_Logo-1.jpg","width":842,"height":596},{"@type":"WebSite","@id":"https:\/\/advocatesforanimals.ch\/advocate\/#website","url":"https:\/\/advocatesforanimals.ch\/advocate\/","name":"A4A Advocates","description":"","publisher":{"@id":"https:\/\/advocatesforanimals.ch\/advocate\/#organization"},"potentialAction":[{"@type":"SearchAction","target":{"@type":"EntryPoint","urlTemplate":"https:\/\/advocatesforanimals.ch\/advocate\/?s={search_term_string}"},"query-input":{"@type":"PropertyValueSpecification","valueRequired":true,"valueName":"search_term_string"}}],"inLanguage":"de"},{"@type":"Organization","@id":"https:\/\/advocatesforanimals.ch\/advocate\/#organization","name":"ADVOCATES FOR ANIMALS","url":"https:\/\/advocatesforanimals.ch\/advocate\/","logo":{"@type":"ImageObject","inLanguage":"de","@id":"https:\/\/advocatesforanimals.ch\/advocate\/#\/schema\/logo\/image\/","url":"https:\/\/advocatesforanimals.ch\/advocate\/wp-content\/uploads\/sites\/3\/2020\/08\/Visitenkarte-Vorderseite-1.jpg","contentUrl":"https:\/\/advocatesforanimals.ch\/advocate\/wp-content\/uploads\/sites\/3\/2020\/08\/Visitenkarte-Vorderseite-1.jpg","width":1004,"height":650,"caption":"ADVOCATES FOR ANIMALS"},"image":{"@id":"https:\/\/advocatesforanimals.ch\/advocate\/#\/schema\/logo\/image\/"},"sameAs":["https:\/\/www.facebook.com\/A4A-Advocates-for-Animals-112402250512475","https:\/\/www.instagram.com\/a4a_advocates_for_animals\/"]}]}},"jetpack_sharing_enabled":true,"_links":{"self":[{"href":"https:\/\/advocatesforanimals.ch\/advocate\/wp-json\/wp\/v2\/pages\/626","targetHints":{"allow":["GET"]}}],"collection":[{"href":"https:\/\/advocatesforanimals.ch\/advocate\/wp-json\/wp\/v2\/pages"}],"about":[{"href":"https:\/\/advocatesforanimals.ch\/advocate\/wp-json\/wp\/v2\/types\/page"}],"author":[{"embeddable":true,"href":"https:\/\/advocatesforanimals.ch\/advocate\/wp-json\/wp\/v2\/users\/1"}],"replies":[{"embeddable":true,"href":"https:\/\/advocatesforanimals.ch\/advocate\/wp-json\/wp\/v2\/comments?post=626"}],"version-history":[{"count":8,"href":"https:\/\/advocatesforanimals.ch\/advocate\/wp-json\/wp\/v2\/pages\/626\/revisions"}],"predecessor-version":[{"id":1053,"href":"https:\/\/advocatesforanimals.ch\/advocate\/wp-json\/wp\/v2\/pages\/626\/revisions\/1053"}],"wp:attachment":[{"href":"https:\/\/advocatesforanimals.ch\/advocate\/wp-json\/wp\/v2\/media?parent=626"}],"curies":[{"name":"wp","href":"https:\/\/api.w.org\/{rel}","templated":true}]}}