
{"id":802,"date":"2020-08-04T22:53:46","date_gmt":"2020-08-04T20:53:46","guid":{"rendered":"https:\/\/advocatesforanimals.ch\/advocate\/?page_id=802"},"modified":"2020-12-27T22:26:18","modified_gmt":"2020-12-27T21:26:18","slug":"regeln","status":"publish","type":"page","link":"https:\/\/advocatesforanimals.ch\/advocate\/regeln\/","title":{"rendered":"A4A Regelwerk Events"},"content":{"rendered":"\n<h2 class=\"wp-block-heading\">Vor deinem ersten Call zu beachten<\/h2>\n\n\n\n<p>Bitte hab Verst\u00e4ndnis daf\u00fcr, dass die OrganiserInnen eine gro\u00dfe Verantwortung \u00fcbernehmen, um diesen Call zu leiten. Je professioneller wir agieren, desto eher wird uns die \u00d6ffentlichkeit ernst nehmen. Wir haben eine klare, vorgegebene Struktur, um die Effektivit\u00e4t unserer Events zu gew\u00e4hrleisten und erwarten von allen TeilnehmerInnen, dass sie dabei mithelfen, diese zu erhalten.<\/p>\n\n\n\n<p>Der Call ist KEIN gesellschaftliches Zusammenkommen und sollte nicht wie&nbsp; in solches behandelt werden. Daf\u00fcr planen die OrganiserInnen h\u00e4ufig&nbsp; separate Zeiten ein, z.B. nach der Veranstaltung, sodass wir uns w\u00e4hrend des Events auf die Tiere konzentrieren k\u00f6nnen.<\/p>\n\n\n\n<p>Bitte nimm nur das N\u00f6tigste mit. Du tr\u00e4gst die Verantwortung f\u00fcr die von dir mitgebrachten Taschen. Sie sollten dich nicht bei der Durchf\u00fchrung des Events behindern. Augenbinden, Krawatten\/Schals, Schilder und Gespr\u00e4chsmaterial werden von den OrganiserInnen gestellt. Bitte trage zu unseren Veranstaltungen schwarze Kleidung ohne Vegan-Messages. Sie sollte nicht nur nicht tierischen Ursprungs sein, sondern auch nicht so wirken (Leder- \/ Pelzimitat) Dies ist wichtiger Bestandteil der \u00c4sthetik unserer Veranstaltung.<\/p>\n\n\n\n<p>Bring bitte, sofern vorhanden, einen aufgeladenen Laptop\/Tablet mit dem im folgenden verlinkten Video und dem VLC-Mediaplayer mit und stelle sicher, dass dieser vor dem Call richtig eingestellt ist, damit keine kostbare Zeit verloren geht. W\u00e4hrend des Events sollte dein Ger\u00e4t auf stumm geschaltet, das WiFi ausgeschaltet und die Bildschirmhelligkeit maximiert sein.<\/p>\n\n\n\n<p><strong>Videolink: <\/strong><a href=\"https:\/\/www.dropbox.com\/s\/mi1sac39gflkzzb\/A4A%20-%20Video\n%20v1%20.mp4?dl=0\">Dropbox Link<\/a><\/p>\n\n\n\n<h2 class=\"wp-block-heading\">Bei Veranstaltungen zu beachten<\/h2>\n\n\n\n<p>Bitte erscheine p\u00fcnktlich, damit die Vorbesprechung des Calls nicht gest\u00f6rt wird. Solltest du erst nach Beginn der Veranstaltung ankommen, sprich die OrganiserInnen an. Bitte respektiere den Beitrag, den alle AktivistInnen zum Event leisten und biete deine Hilfe an, wenn diese gebraucht wird. Letztlich sind es die TeilnehmerInnen, die unsere Teams erfolgreich machen.<\/p>\n\n\n\n<p>Unsere Veranstaltungen bestehen aus zwei Teilen: der Call for Justice-formation und dem Outreach. Beide Rollen sind gleich wichtig \u2013 wir sind ein Team. Wir erwarten von allen TeilnehmerInnen, auch bereit zu sein, in der Formation zu stehen (ausgenommen du kannst dies aus bspw. gesundheitlichen Gr\u00fcnden nicht; sag in diesem Fall am besten den OrganiserInnen bescheid).<\/p>\n\n\n\n<h3 class=\"wp-block-heading\">Die Call for Justice-Formation<\/h3>\n\n\n\n<p>TeilnehmerInnen, die in der Formation stehen, tragen Augenbinden und sollten gerade und so still wie m\u00f6glich stehen. Dabei schauen sie die ganze Zeit geradeaus. TeilnehmerInnen in der Formation sollten still bleiben und auch dann nicht mit PassantInnen interagieren, wenn diese ein Gespr\u00e4ch mit ihnen suchen.<\/p>\n\n\n\n<p>Solltest du in der Formation stehen und mit einem\/r OrganiserIn oder OutreacherIn reden wollen, hebe bitte deine Hand, damit diese auf dich zukommen. Tu dies bitte in folgenden F\u00e4llen:<\/p>\n\n\n\n<p>1. Du brauchst eine Pause. Ein\/e OutreacherIn wird eine andere Person suchen und dich auswechseln. Sag nach M\u00f6glichkeit einige Minuten zuvor bescheid, damit der Wechsel m\u00f6glichst reibungslos ablaufen kann.<br>2. Du bemerkst, dass sich ein unbeaufsichtigtes Kind das Filmmaterial ansieht. Ein\/e OutreacherIn wird dann nach dessen Aufsichtsperson suchen oder ein kindgerechtes Gespr\u00e4ch \u00fcber Tierrechte mit dem Kind f\u00fchren.<\/p>\n\n\n\n<p>Deine Pause kannst du einfach in der N\u00e4he des Calls verbringen. Solltest du noch neu sein, kannst du auch anderen AktivistInnen bei ihren&nbsp; gespr\u00e4chen zuh\u00f6ren, greife jedoch nie in ein Outreachgespr\u00e4ch ein. Solltest&nbsp; du in deiner Pause rauchen oder etwas essen wollen, tu dies in einiger&nbsp; entfernung zum Event, um die Professionalit\u00e4t der Veranstaltung zu wahren und andere AktivistInnen nicht zu st\u00f6ren.<\/p>\n\n\n\n<h3 class=\"wp-block-heading\">Outreach<\/h3>\n\n\n\n<p>Outreach sollte erst ab der dritten Teilnahme an einem Call betrieben werden. Wir nehmen eine abolitionistische Haltung zur Tierausbeutung&nbsp; ein. Das bedeutet, dass wir nicht f\u00fcr bessere Haltungsbedingungen, gr\u00f6\u00dfere K\u00e4fige, Vegetarismus oder kleinschrittige Umstellungen auf eine vegane Lebensweise werben. Wir wollen die Tierausbeutung vollst\u00e4ndig, industrie\u00fcbergreifend und so schnell wie m\u00f6glich beenden. Hierbei steht der tierethische Aspekt klar im Vordergrund, da erfahrungsgem\u00e4ss nur dieser zu einer nachhaltigen Verhaltens\u00e4nderung f\u00fchrt. Gesundheitliche und Umweltaspekte k\u00f6nnen besprochen werden, wenn der\/die PassantIn das w\u00fcnscht, sie stehen jedoch nicht im Fokus von A4A. Bei anderen Veranstaltungen mag es andere Ans\u00e4tze geben, aber bei A4A-Veranstaltungen erwarten wir, dass du diesen Ansatz respektierst und eine klare vegane Haltung einnimmst.<\/p>\n\n\n\n<p>Gehe nicht auf PassantInnen zu, um sie zum Anschauen der Videos zu ermutigen. Wir geben den Menschen die M\u00f6glichkeit, dies aus eigener Neugier heraus zu tun. Beginne nur Gespr\u00e4che mit PassantInnen, die anhalten und sich die Videos f\u00fcr eine nennenswerte Zeit angeschaut haben. Verwende dabei die sogenannte sokratische Methode. Begr\u00fc\u00dfe den\/die Passanten und starte das Gespr\u00e4ch mit Fragen, wie z.B. &#8220;Was denken sie, warum wir hier sind?&#8221;<\/p>\n\n\n\n<p>Gespr\u00e4che sollten immer zwischen einem\/r OutreacherIn und einem\/r oder mehreren PassantInnen gef\u00fchrt werden, da mehrere OutreacherInnen in einem Gespr\u00e4ch einsch\u00fcchternd wirken k\u00f6nnen. Unterbrich daher nie ein Gespr\u00e4ch eines\/r anderen OutreacherIn. Nach einem produktiven Gespr\u00e4ch bieten wir PassantInnen eine A4A-Visitenkarte an. Diese verteilen wir sparsam. \u00dcbrige Visitenkarten solltest du nach dem Call an den\/die OrganisatorIn zur\u00fcckgeben.<\/p>\n\n\n\n<p>Es ist unerl\u00e4sslich, dass die AktivistInnen ruhig bleiben, h\u00f6flich sind und sich jedem\/r respektvoll gegen\u00fcber verhalten. Bleibe entschlossen in deiner Haltung, aber zeige auch Verst\u00e4ndnis f\u00fcr diejenigen, die aufgrund ihrer Konditionierung eindeutig unschuldig sind oder die der Event emotional betroffen macht. Unmissverst\u00e4ndlich, aber zug\u00e4nglich. Versuche nicht, deine Zeit mit ignoranten oder unerreichbaren Personen zu verschwenden.<\/p>\n\n\n\n<h2 class=\"wp-block-heading\">Erwartungen an unsere AktivistInnen<\/h2>\n\n\n\n<p>Alle TeilnehmerInnen werden ohne Unterschied als Menschen behandelt. Auch wenn wir unsere Aufgabe ausschliesslich in der Bek\u00e4mpfung der Tierausbeutung sehen, werden rassistische, sexistische und anderweitig diskriminierende \u00c4usserungen und Handlungen nicht toleriert. Respektiere A4As Werte sowie den Organisationsethos und repr\u00e4sentiere A4A als AktivistIn in angemessener Form.<\/p>\n\n\n\n<p>Alle AktivistInnen, einschlie\u00dflich der OrganisatorInnen, sollen sich jederzeit respektvoll begegnen. Dazu geh\u00f6rt, nicht in Gespr\u00e4che anderer AktivistInnen einzugreifen, keine Konflikte zu sch\u00fcren, den Beitrag anderer AktivistInnen wertzusch\u00e4tzen, bei Bedarf beim Auf- und Abbau des Calls zu helfen und eine gewissenhafte Teilnahme an der Veranstaltung.<\/p>\n\n\n\n<p>Danke, dass ihr dabei seid!<\/p>\n","protected":false},"excerpt":{"rendered":"<p>Vor deinem ersten Call zu beachten Bitte hab Verst\u00e4ndnis daf\u00fcr, dass die OrganiserInnen eine gro\u00dfe Verantwortung \u00fcbernehmen, um diesen Call zu leiten. Je professioneller wir agieren, desto eher wird uns die \u00d6ffentlichkeit ernst nehmen. Wir haben eine klare, vorgegebene Struktur, um die Effektivit\u00e4t unserer Events zu gew\u00e4hrleisten und erwarten von allen TeilnehmerInnen, dass sie&#8230;<\/p>\n<p class=\"read-more\"><a class=\"btn btn-default\" href=\"https:\/\/advocatesforanimals.ch\/advocate\/regeln\/\"> Lesen Sie mehr<span class=\"screen-reader-text\">  Lesen Sie mehr<\/span><\/a><\/p>\n","protected":false},"author":1,"featured_media":0,"parent":0,"menu_order":0,"comment_status":"closed","ping_status":"closed","template":"","meta":{"footnotes":""},"class_list":["post-802","page","type-page","status-publish","hentry"],"yoast_head":"<!-- This site is optimized with the Yoast SEO plugin v27.0 - https:\/\/yoast.com\/product\/yoast-seo-wordpress\/ -->\n<title>A4A Regelwerk Events &#8226; A4A Advocates<\/title>\n<meta name=\"description\" content=\"A4A Regelwerk Events\" \/>\n<meta name=\"robots\" content=\"index, follow, max-snippet:-1, max-image-preview:large, max-video-preview:-1\" \/>\n<link rel=\"canonical\" href=\"https:\/\/advocatesforanimals.ch\/advocate\/regeln\/\" \/>\n<meta property=\"og:locale\" content=\"de_DE\" \/>\n<meta property=\"og:type\" content=\"article\" \/>\n<meta property=\"og:title\" content=\"A4A Regelwerk Events &#8226; A4A Advocates\" \/>\n<meta property=\"og:description\" content=\"A4A Regelwerk Events\" \/>\n<meta property=\"og:url\" content=\"https:\/\/advocatesforanimals.ch\/advocate\/regeln\/\" \/>\n<meta property=\"og:site_name\" content=\"A4A Advocates\" \/>\n<meta property=\"article:publisher\" content=\"https:\/\/www.facebook.com\/A4A-Advocates-for-Animals-112402250512475\" \/>\n<meta property=\"article:modified_time\" content=\"2020-12-27T21:26:18+00:00\" \/>\n<meta name=\"twitter:card\" content=\"summary_large_image\" \/>\n<meta name=\"twitter:label1\" content=\"Gesch\u00e4tzte Lesezeit\" \/>\n\t<meta name=\"twitter:data1\" content=\"5\u00a0Minuten\" \/>\n<script type=\"application\/ld+json\" class=\"yoast-schema-graph\">{\"@context\":\"https:\/\/schema.org\",\"@graph\":[{\"@type\":\"WebPage\",\"@id\":\"https:\/\/advocatesforanimals.ch\/advocate\/regeln\/\",\"url\":\"https:\/\/advocatesforanimals.ch\/advocate\/regeln\/\",\"name\":\"A4A Regelwerk Events &#8226; A4A Advocates\",\"isPartOf\":{\"@id\":\"https:\/\/advocatesforanimals.ch\/advocate\/#website\"},\"datePublished\":\"2020-08-04T20:53:46+00:00\",\"dateModified\":\"2020-12-27T21:26:18+00:00\",\"description\":\"A4A Regelwerk Events\",\"inLanguage\":\"de\",\"potentialAction\":[{\"@type\":\"ReadAction\",\"target\":[\"https:\/\/advocatesforanimals.ch\/advocate\/regeln\/\"]}]},{\"@type\":\"WebSite\",\"@id\":\"https:\/\/advocatesforanimals.ch\/advocate\/#website\",\"url\":\"https:\/\/advocatesforanimals.ch\/advocate\/\",\"name\":\"A4A Advocates\",\"description\":\"\",\"publisher\":{\"@id\":\"https:\/\/advocatesforanimals.ch\/advocate\/#organization\"},\"potentialAction\":[{\"@type\":\"SearchAction\",\"target\":{\"@type\":\"EntryPoint\",\"urlTemplate\":\"https:\/\/advocatesforanimals.ch\/advocate\/?s={search_term_string}\"},\"query-input\":{\"@type\":\"PropertyValueSpecification\",\"valueRequired\":true,\"valueName\":\"search_term_string\"}}],\"inLanguage\":\"de\"},{\"@type\":\"Organization\",\"@id\":\"https:\/\/advocatesforanimals.ch\/advocate\/#organization\",\"name\":\"ADVOCATES FOR ANIMALS\",\"url\":\"https:\/\/advocatesforanimals.ch\/advocate\/\",\"logo\":{\"@type\":\"ImageObject\",\"inLanguage\":\"de\",\"@id\":\"https:\/\/advocatesforanimals.ch\/advocate\/#\/schema\/logo\/image\/\",\"url\":\"https:\/\/advocatesforanimals.ch\/advocate\/wp-content\/uploads\/sites\/3\/2020\/08\/Visitenkarte-Vorderseite-1.jpg\",\"contentUrl\":\"https:\/\/advocatesforanimals.ch\/advocate\/wp-content\/uploads\/sites\/3\/2020\/08\/Visitenkarte-Vorderseite-1.jpg\",\"width\":1004,\"height\":650,\"caption\":\"ADVOCATES FOR ANIMALS\"},\"image\":{\"@id\":\"https:\/\/advocatesforanimals.ch\/advocate\/#\/schema\/logo\/image\/\"},\"sameAs\":[\"https:\/\/www.facebook.com\/A4A-Advocates-for-Animals-112402250512475\",\"https:\/\/www.instagram.com\/a4a_advocates_for_animals\/\"]}]}<\/script>\n<!-- \/ Yoast SEO plugin. -->","yoast_head_json":{"title":"A4A Regelwerk Events &#8226; A4A Advocates","description":"A4A Regelwerk Events","robots":{"index":"index","follow":"follow","max-snippet":"max-snippet:-1","max-image-preview":"max-image-preview:large","max-video-preview":"max-video-preview:-1"},"canonical":"https:\/\/advocatesforanimals.ch\/advocate\/regeln\/","og_locale":"de_DE","og_type":"article","og_title":"A4A Regelwerk Events &#8226; A4A Advocates","og_description":"A4A Regelwerk Events","og_url":"https:\/\/advocatesforanimals.ch\/advocate\/regeln\/","og_site_name":"A4A Advocates","article_publisher":"https:\/\/www.facebook.com\/A4A-Advocates-for-Animals-112402250512475","article_modified_time":"2020-12-27T21:26:18+00:00","twitter_card":"summary_large_image","twitter_misc":{"Gesch\u00e4tzte Lesezeit":"5\u00a0Minuten"},"schema":{"@context":"https:\/\/schema.org","@graph":[{"@type":"WebPage","@id":"https:\/\/advocatesforanimals.ch\/advocate\/regeln\/","url":"https:\/\/advocatesforanimals.ch\/advocate\/regeln\/","name":"A4A Regelwerk Events &#8226; A4A Advocates","isPartOf":{"@id":"https:\/\/advocatesforanimals.ch\/advocate\/#website"},"datePublished":"2020-08-04T20:53:46+00:00","dateModified":"2020-12-27T21:26:18+00:00","description":"A4A Regelwerk Events","inLanguage":"de","potentialAction":[{"@type":"ReadAction","target":["https:\/\/advocatesforanimals.ch\/advocate\/regeln\/"]}]},{"@type":"WebSite","@id":"https:\/\/advocatesforanimals.ch\/advocate\/#website","url":"https:\/\/advocatesforanimals.ch\/advocate\/","name":"A4A Advocates","description":"","publisher":{"@id":"https:\/\/advocatesforanimals.ch\/advocate\/#organization"},"potentialAction":[{"@type":"SearchAction","target":{"@type":"EntryPoint","urlTemplate":"https:\/\/advocatesforanimals.ch\/advocate\/?s={search_term_string}"},"query-input":{"@type":"PropertyValueSpecification","valueRequired":true,"valueName":"search_term_string"}}],"inLanguage":"de"},{"@type":"Organization","@id":"https:\/\/advocatesforanimals.ch\/advocate\/#organization","name":"ADVOCATES FOR ANIMALS","url":"https:\/\/advocatesforanimals.ch\/advocate\/","logo":{"@type":"ImageObject","inLanguage":"de","@id":"https:\/\/advocatesforanimals.ch\/advocate\/#\/schema\/logo\/image\/","url":"https:\/\/advocatesforanimals.ch\/advocate\/wp-content\/uploads\/sites\/3\/2020\/08\/Visitenkarte-Vorderseite-1.jpg","contentUrl":"https:\/\/advocatesforanimals.ch\/advocate\/wp-content\/uploads\/sites\/3\/2020\/08\/Visitenkarte-Vorderseite-1.jpg","width":1004,"height":650,"caption":"ADVOCATES FOR ANIMALS"},"image":{"@id":"https:\/\/advocatesforanimals.ch\/advocate\/#\/schema\/logo\/image\/"},"sameAs":["https:\/\/www.facebook.com\/A4A-Advocates-for-Animals-112402250512475","https:\/\/www.instagram.com\/a4a_advocates_for_animals\/"]}]}},"jetpack_sharing_enabled":true,"_links":{"self":[{"href":"https:\/\/advocatesforanimals.ch\/advocate\/wp-json\/wp\/v2\/pages\/802","targetHints":{"allow":["GET"]}}],"collection":[{"href":"https:\/\/advocatesforanimals.ch\/advocate\/wp-json\/wp\/v2\/pages"}],"about":[{"href":"https:\/\/advocatesforanimals.ch\/advocate\/wp-json\/wp\/v2\/types\/page"}],"author":[{"embeddable":true,"href":"https:\/\/advocatesforanimals.ch\/advocate\/wp-json\/wp\/v2\/users\/1"}],"replies":[{"embeddable":true,"href":"https:\/\/advocatesforanimals.ch\/advocate\/wp-json\/wp\/v2\/comments?post=802"}],"version-history":[{"count":39,"href":"https:\/\/advocatesforanimals.ch\/advocate\/wp-json\/wp\/v2\/pages\/802\/revisions"}],"predecessor-version":[{"id":986,"href":"https:\/\/advocatesforanimals.ch\/advocate\/wp-json\/wp\/v2\/pages\/802\/revisions\/986"}],"wp:attachment":[{"href":"https:\/\/advocatesforanimals.ch\/advocate\/wp-json\/wp\/v2\/media?parent=802"}],"curies":[{"name":"wp","href":"https:\/\/api.w.org\/{rel}","templated":true}]}}